-6771 (base 9) to base 4
-1032031
What is 124154 (base 7) in base 13?
a667
Convert -2467 (base 9) to base 16.
-733
Convert 24046 (base 7) to base 2.
1100001000000
What is -4143 (base 7) in base 14?
-75a
What is -11691 (base 10) in base 5?
-333231
Convert 4e1 (base 15) to base 12.
787
25899 (base 11) to base 7
212624
20431 (base 6) to base 9
3701
Convert -1d1d (base 15) to base 16.
-18b8
30bd (base 16) to base 6
133433
-6374 (base 9) to base 11
-3579
11030 (base 4) to base 9
408
Convert -5b7c (base 15) to base 9.
-28630
-1112012222 (base 3) to base 4
-13111202
125436 (base 7) to base 12
11763
What is -62160 (base 7) in base 9?
-22740
Convert -10001010110 (base 2) to base 10.
-1110
-12763 (base 8) to base 5
-134434
What is 11a (base 11) in base 16?
8e
What is 30130 (base 7) in base 14?
2917
What is e40 (base 16) in base 11?
2817
What is 5660 (base 13) in base 2?
10111100101101
Convert 732 (base 16) to base 3.
2112020
What is -de4 (base 15) in base 16?
-c43
2913 (base 11) to base 5
110030
459 (base 10) to base 6
2043
Convert 10010101101100 (base 2) to base 4.
2111230
Convert 4db4 (base 15) to base 8.
40322
130216 (base 8) to base 2
1011000010001110
-144033 (base 5) to base 11
-4685
Convert -588 (base 9) to base 5.
-3420
Convert 10a11 (base 11) to base 6.
201235
12221021 (base 3) to base 8
10347
Convert -142212 (base 5) to base 2.
-1011100101100
764 (base 9) to base 13
391
What is -1111110 (base 3) in base 9?
-1443
-13e (base 15) to base 3
-101112
-4532 (base 6) to base 5
-13224
-331255 (base 6) to base 3
-1101202222
Convert -2286 (base 11) to base 14.
-1142
What is 55084 (base 9) in base 12?
1917a
Convert -56461 (base 7) to base 10.
-14302
What is -1004 (base 6) in base 14?
-11a
-1838 (base 9) to base 10
-1412
Convert 55523 (base 9) to base 7.
212340
e3e (base 15) to base 4
302021
What is 2802 (base 9) in base 15?
958
2756 (base 9) to base 2
100000011100
Convert 14367 (base 8) to base 9.
8681
Convert -2e1 (base 16) to base 3.
-1000022
670 (base 9) to base 15
269
Convert 5384 (base 10) to base 12.
3148
Convert 233330 (base 5) to base 7.
34021
What is -2c1b (base 15) in base 7?
-36425
What is -11 (base 6) in base 4?
-13
-2223200 (base 4) to base 16
-2ae0
6747 (base 12) to base 15
35c1
What is 713 (base 14) in base 2?
10101101101
Convert -49a (base 14) to base 16.
-398
Convert 5b33 (base 14) to base 2.
11111000110001
Convert -1328 (base 9) to base 10.
-998
What is -10b (base 15) in base 3?
-22202
-1a61 (base 13) to base 2
-111101111110
What is 231 (base 4) in base 14?
33
69a (base 13) to base 6
5141
Convert -36063 (base 7) to base 14.
-356a
Convert db3 (base 14) to base 8.
5221
Convert 774 (base 14) to base 7.
4204
What is -101100011 (base 2) in base 15?
-18a
Convert 441403 (base 5) to base 16.
3b7c
Convert 3020 (base 10) to base 2.
101111001100
What is -101101101100 (base 2) in base 15?
-cee
1631 (base 7) to base 3
220102
What is 4556 (base 7) in base 4?
121322
What is 1460 (base 12) in base 14?
c1a
What is -2022012 (base 3) in base 14?
-87d
Convert 22030001 (base 4) to base 10.
41729
What is 7b8 (base 13) in base 11?
1003
Convert 16907 (base 12) to base 9.
48407
ca6 (base 13) to base 2
100001110100
What is -3d16 (base 16) in base 2?
-11110100010110
-1a8a3 (base 11) to base 2
-111000101101000
What is b417 (base 12) in base 14?
7203
-1797 (base 10) to base 11
-1394
Convert -23233 (base 10) to base 5.
-1220413
What is -12012222 (base 3) in base 16?
-ede
What is 14006 (base 9) in base 2?
10010100001011
Convert -28bd (base 15) to base 9.
-12867
Convert -5254 (base 6) to base 13.
-703
-50345 (base 6) to base 5
-202432
What is -36c (base 13) in base 7?
-1512
Convert 10111002 (base 4) to base 8.
42502
What is 1aea (base 15) in base 13?
2878
What is -323533 (base 7) in base 10?
-56521
Convert -1d3 (base 16) to base 11.
-395
Convert 1607b (base 12) to base 4.
13213133
What is -300333 (base 4) in base 11?
-23a0
What is 69a (base 16) in base 14?
88a
20464 (base 7) to base 3
20220211
Convert 13113 (base 6) to base 14.
a21
What is -55494 (base 10) in base 15?
-11699
What is -110102020 (base 3) in base 6?
-105523
20323 (base 4) to base 2
1000111011
-241 (base 10) to base 11
-1aa
13322021 (base 4) to base 14
bb3b
Convert 110220 (base 3) to base 2.
101011100
What is 34887 (base 11) in base 6?
1024530
-1db7 (base 14) to base 3
-21110222
What is -402 (base 7) in base 3?
-21100
1122002 (base 3) to base 14
610
Convert 1d2 (base 14) to base 5.
3010
-40 (base 10) to base 16
-28
What is 828 (base 12) in base 10?
1184
What is 1921 (base 15) in base 7?
21556
Convert 422033 (base 5) to base 8.
33302
64c4 (base 13) to base 15
4248
3211 (base 5) to base 12
2bb
Convert -202020221 (base 3) to base 7.
-61024
Convert 2221200 (base 3) to base 7.
6162
2733 (base 11) to base 14
1413
Convert -265 (base 12) to base 7.
-1031
Convert -56 (base 16) to base 7.
-152
What is -222003 (base 4) in base 2?
-101010000011
-93 (base 10) to base 7
-162
51707 (base 10) to base 5
3123312
What is 25949 (base 10) in base 8?
62535
2051 (base 6) to base 9
564
Convert 332 (base 8) to base 16.
da
What is 1d05 (base 15) in base 7?
24245
What is 200310 (base 5) in base 16?
18ba
Convert 5326 (base 7) to base 16.
75a
111110 (base 2) to base 16
3e
Convert -2641 (base 8) to base 2.
-10110100001
What is -377a (base 12) in base 8?
-14216
Convert -1011110000010 (base 2) to base 6.
-43510
What is 10 (base 6) in base 9?
6
What is -c0f (base 16) in base 11?
-2357
What is -6a0 (base 12) in base 2?
-1111011000
-101010001000010 (base 2) to base 3
-1002120220
Convert 6007 (base 14) to base 5.
1011341
Convert -145434 (base 7) to base 16.
-6ebb
-23103 (base 5) to base 16
-675
What is 3130321 (base 4) in base 15?
42c7
Convert -467 (base 10) to base 8.
-723
3925 (base 13) to base 6
101411
What is -1000010001100 (base 2) in base 14?
-1788
What is 21134 (base 10) in base 11?
14973
Convert -57bc (base 15) to base 5.
-1044002
Convert -a5 (base 14) to base 15.
-9a
What is -1001100010100 (base 2) in base 6?
-34340
Convert -5434 (base 14) to base 9.
-21856
Convert -55c4 (base 16) to base 13.
-9cbc
-22433 (base 7) to base 10
-5708
Convert -4536 (base 7) to base 8.
-3154
What is -15552 (base 7) in base 2?
-1000100101110
What is -10000121 (base 3) in base 9?
-3017
203244 (base 5) to base 7
25350
3532 (base 7) to base 11
a7a
What is -1173a (base 12) in base 5?
-1223033
Convert -1000010111 (base 2) to base 10.
-535
Convert -31032 (base 4) to base 15.
-3b6
-23623 (base 10) to base 3
-1012101221
Convert -239 (base 14) to base 13.
-281
What is e71 (base 15) in base 12?
1a74
-121344 (base 5) to base 3
-20022100
132434 (base 6) to base 8
27746
1010001100010101 (base 2) to base 15
c584
What is -a4cd (base 15) in base 9?
-52714
Convert a5 (base 12) to base 9.
148
What is 22231000 (base 4) in base 6?
534544
What is -687 (base 9) in base 2?
-1000110101
Convert 399 (base 13) to base 16.
279
Convert -30 (base 15) to base 6.
-113
Convert -88866 (base 9) to base 7.
-334044
-1110100010111 (base 2) to base 8
-16427
What is 4805 (base 13) in base 2?
10011110100001
What is -10110010100 (base 2) in base 11?
-1089
What is 13301 (base 4) in base 6?
2145
Convert -2142 (base 9) to base 5.
-22302
Convert -333144 (base 5) to base 16.
-2d9a
What is 999 (base 10) in base 3?
1101000
What is -10100 (base 6) in base 5?
-20312
What is 784 (base 11) in base 16?
3ab
2304444 (base 5) to base 3
2002120202
Convert 6439 (base 12) to base 4.
2223231
What is -10110101 (base 2) in base 8?
-265
Convert 31857 (base 10) to base 8.
76161
7458 (base 11) to base 6
113400
-1038 (base 9) to base 13
-46a
34542 (base 7) to base 14
3322
What is 3b298 (base 12) in base 10?
81620
What is 2325 (base 6) in base 11?
467
122 (base 16) to base 4
10202
What is 112 (base 13) in base 10?
184
1000101011010 (base 2) to base 10
4442
Convert -50c0 (base 15) to base 2.
-100001010011111
What is 4c8 (base 14) in base 6?
4240
-1bb (base 14) to base 12
-261
-101323 (base 4) to base 7
-3226
Convert -21523 (base 9) to base 12.
-8319
What is 35241 (base 8) in base 4?
3222201
104434 (base 5) to base 7
13626
Convert -8c (base 13) to base 12.
-98
What is 123666 (base 7) in base 14?
8536
204a (base 11) to base 14
dc0
Convert 3042 (base 6) to base 3.
220222
-1316 (base 7) to base 14
-27d
Convert 6bc8 (base 1